= -180 + 172. Let i(f) = -10*f - 67. What is the remainder when 45 is divided by i(v)?
6
Let r(j) be the third derivative of 0 + 0*j + 1/8*j**4 + 13/3*j**3 - j**2. Calculate the remainder when r(7) is divided by 17.
13
Let u(p) = p**3 - 11*p**2 - 5*p + 74. Let j be (-2)/18 - (-508)/36. What is the remainder when u(j) is divided by 27?
25
Let a(w) = -w**2 - w + 5. Let b(y) = 4*y**2 - 17*y - 4. Let x(n) = -3*a(n) - b(n). What is the remainder when x(6) is divided by 3?
1
Let i(n) = -39*n**2 - 767*n + 41. What is the remainder when i(-18) is divided by 595?
21
Suppose -142*n = -141*n - 21. Calculate the remainder when 197 is divided by 6/n - (4122/(-42))/3.
32
Suppose 47*o - 10*o + 49*o = 39990. Calculate the remainder when o is divided by 141.
42
Suppose 4*z = 120 + 376. Let a(m) = m**3 - 13*m**2 + 45*m - 141. Calculate the remainder when z is divided by a(10).
7
Let q(x) = -x + 29. Let g be q(33). Calculate the remainder when 154 is divided by (-157)/(-4) + g/16.
37
Let t be 8/(88/385)*21/5. Suppose -t - 99 = -6*f. Calculate the remainder when 778 is divided by f.
40
What is the remainder when 192 is divided by (-12)/18 - (-32)/12?
0
Let f(s) = s + 20. Let d = -192 - -125. Let r = 67 + d. What is the remainder when 77 is divided by f(r)?
17
Suppose 0 = -3*s + 4*s - 438. Let m = -191229 - -191284. Calculate the remainder when s is divided by m.
53
Suppose 3*g - 36 = 5*t - t, -2*g + 2*t + 22 = 0. Let p = -100 + 103. Suppose p*u = -4*u + 140. What is the remainder when u is divided by g?
4
Suppose l - 23 = 4*n, -4*l - 8 + 0 = 4*n. What is the remainder when 21 is divided by -8*(0 + l)/(-6)?
1
Let w(c) = -13*c**3 + 4*c**2 + 8*c + 7. Let p = 13 - 11. Suppose -2*q - 2*q + 106 = p*l, -l - 72 = -3*q. Calculate the remainder when q is divided by w(-1).
9
Suppose -253 - 55 = -11*k. Suppose 31*t - 30 = k*t. Suppose 4*y = 108 + 8. What is the remainder when y is divided by t?
9
Suppose 0 = -4*l + 2*z - 3*z + 197, -5*l + 245 = z. Suppose 3*g = 5*y - 657, y - 1955*g + 1954*g = 129. Calculate the remainder when y is divided by l.
39
Suppose -u - 2*u = -102. Let f be 0*(5 + 36/(-8)). Suppose -2*a - 2*a - 44 = -2*h, -h + a + 17 = f. What is the remainder when u is divided by h?
10
Let g(d) = d**2 + 3*d - 12. Let v be 3 + (-4 - -4 - 0) + 0. What is the remainder when ((-19)/(-4) + 2)*4 is divided by g(v)?
3
Let w = -17426 + 17633. What is the remainder when 2879 is divided by w?
188
Calculate the remainder when 8*(6135/40 - 5) is divided by 22.
21
Let q be (-1 - 226/4)*(-16)/(-5). Let r = q + 307. Calculate the remainder when r is divided by 9.
6
Calculate the remainder when 31 is divided by (-1)/(1/(-6)) - (-144 + 138).
7
Let n = -1666 - -1698. Calculate the remainder when 1279 is divided by n.
31
Suppose -2183 + 2148 = -4*n - p, -4*p = -5*n + 49. Let v(w) = 8*w**2 + 5*w - 2. What is the remainder when v(3) is divided by n?
4
Suppose 3*b - 2882 = 31*b - 159*b. Calculate the remainder when 1220 is divided by b.
10
Let x = -21105 + 21189. Calculate the remainder when 432 is divided by x.
12
Let v(i) = 6*i + 4. Let u be v(1). Let r = u - -2. Calculate the remainder when 44 is divided by r.
8
Let b = -21325 + 21378. Calculate the remainder when 622 is divided by b.
39
Let i = 12023 + -11909. Calculate the remainder when 2388 is divided by i.
108
Suppose 4*z - 9*z = -5. Suppose 6 = 2*x - 0*x, 2*p = x + z. Suppose 3*j - 7 = 5*l, -p*l = -2*j - 2*j + 28. What is the remainder when 16 is divided by j?
7
Let n = 102 + -91. Let k(z) = n*z**2 - z**3 + 15*z - 27 + 10 - 5. What is the remainder when 36 is divided by k(12)?
8
Let s(l) = 5*l**3 - 2*l**2 + 6*l + 13. Let h be s(5). Let k = h - 615. What is the remainder when 158 is divided by k?
2
Suppose 3*s + 1448 = 15*s - 4*s. What is the remainder when 634 is divided by s?
91
Suppose 53*a - 12 = 50*a. Suppose 2*m - 3*v - 31 = 0, a*m - 9*m - v + 35 = 0. Calculate the remainder when 14 is divided by m.
6
Suppose 0 = 4*c - 5*a - 404 - 147, 262 = 2*c + 2*a. What is the remainder when c is divided by 29?
18
Suppose -6*r - 29 = -227. Let i = r - 35. Calculate the remainder when 28 is divided by (2 - (-24)/(-2))*(i + 1).
8
Let o = 79 + -25. Let a(h) = 9*h. Let p be a(18). Let y = -154 + p. Calculate the remainder when o is divided by y.
6
Let r be (-7 - 255/(-35)) + 2726/14. What is the remainder when (-12)/5*r/(-6) is divided by 21?
15
Suppose 0 = -5*m - 8*m. Suppose m = -24*b + 349 + 1763. Let q = -50 - -80. Calculate the remainder when b is divided by q.
28
Let z = -8017 + 8290. Calculate the remainder when z is divided by 25.
23
Calculate the remainder when (3 - (1 - 1))*37 is divided by (-21614)/(-2626) - (-24)/(-104).
7
Let w(z) = -3*z**3 + 42*z**2 + z + 12. Calculate the remainder when 142 is divided by w(14).
12
Suppose 2*h - 3*q = -6*q + 9, -5*h = -5*q - 35. Let n(y) = -3*y**2 + 28*y - 20. What is the remainder when 153 is divided by n(h)?
33
Suppose 138*u = 90*u + 1680. What is the remainder when 193 is divided by u?
18
Let y = -15 + 20. Let q(g) = -58 - 65 - 28 - 27*g. What is the remainder when q(-6) is divided by y?
1
Let s(u) = u**3 + 2*u**2 - 8*u + 299. What is the remainder when 299 is divided by s(0)?
0
Suppose -3*r - 88 = -7*r. Suppose 7193 = 151*i - 30859. What is the remainder when i is divided by r?
10
Suppose 136 = 7*x - 158. Calculate the remainder when 707 is divided by x.
35
Calculate the remainder when 670 is divided by (651/14)/((-41)/(-82)).
19
Suppose -4*d - 31 = -451. Suppose -76 = 101*w - d*w. Suppose -2*j + 37 = w. Calculate the remainder when 31 is divided by j.
4
Let j(c) = -2*c**3 - 2*c**2 - 1. Let r = -347 + 375. Calculate the remainder when j(-3) is divided by r.
7
Suppose -88*q = -77*q - 55. Suppose 0 = -4*l + 4*o + 52, 16 = q*o - 9. What is the remainder when 157 is divided by l?
13
Let s(j) = j - 5. Let n be s(4). What is the remainder when 24 is divided by ((2 - n) + (-19 - -18))*1?
0
Suppose 2*d + 4*l = l - 1, 5*d = 4*l + 55. Let b(x) = 16*x**2 + 94*x + 7. What is the remainder when b(-6) is divided by d?
5
Let x = -49 + 51. Suppose g - 2*g = -x*g. Suppose -2*q + 375 = 5*a - q, g = -4*a - 3*q + 289. Calculate the remainder when a is divided by 20.
16
Let p(o) = -o**3 - 11*o**2 - 2*o + 7. Let g be p(-12). What is the remainder when 78 is divided by (-290)/(-14) - (-50)/g?
15
Calculate the remainder when 1271 is divided by (-4 - -5) + ((-12)/(-18) - 4/(-3)).
2
Suppose 2*m - 6*b + 4*b = 36, 108 = 5*m + 4*b. Calculate the remainder when m is divided by (-4 - -1)*(-8)/3.
4
Let f(h) = h**3 + 4*h**2 - 4*h + 202. Calculate the remainder when f(0) is divided by 24.
10
What is the remainder when (-9)/(135/(-65265)) + -23 is divided by 117?
116
Let d = 3 + 2. Suppose 0*f + c + 125 = 3*f, d*f - c - 205 = 0. Suppose -5*y - j = -106, y + 4*j + 8 = 33. What is the remainder when f is divided by y?
19
Suppose 3*b = s + 79, 5*b - 74 - 86 = 2*s. Let q = s + 286. Calculate the remainder when q is divided by 52.
45
Suppose -2*a = 2*m - 14, 5*m - 2*a = -4*a + 32. Calculate the remainder when 25 is divided by (-56)/m*12/(-7).
9
Let o = 43 - 11. Let r(c) = -12*c - 76. Calculate the remainder when o is divided by r(-8).
12
Suppose 0 = -3*p - 3*y + 309, 5*p - 522 = -41*y + 43*y. What is the remainder when 219 is divided by p?
11
Let p(o) = o**3 + 12*o**2 + 17*o - 12. Let s be p(-10). Suppose 21*l = 22*l - s. Calculate the remainder when 19 is divided by 4/24 - (-141)/l.
3
Let t(p) = -244*p - 835. Calculate the remainder when t(-12) is divided by 12.
5
Calculate the remainder when (-924)/(-2541)*(0 - 16599/(-6)) is divided by 20.
6
Suppose 2 - 26 = -12*k. Suppose 147 - 53 = k*d. Calculate the remainder when d is divided by 16.
15
Let j = 23628 - 23624. Calculate the remainder when 1034 is divided by j.
2
Suppose 23*w + 8406 = -108*w + 47968. Calculate the remainder when w is divided by 38.
36
Let p(o) = -o**2 - 10*o + 892. What is the remainder when 499 is divided by p(-35)?
6
Let i = -2 - -5. Let v = -574 - -1198. Suppose 0 = -11*p + i*p + v. Calculate the remainder when p is divided by 9.
6
Let s = 546 - 546. Suppose -4*q + 23 - 11 = s. What is the remainder when 12 is divided by q?
0
Let p(h) = -2*h**3 - 6*h**2 + 3*h + 3. Let c = 1077 - 1062. Calculate the remainder when p(-5) is divided by c.
13
Let p(u) = 